(-2) + 4/(-1). Suppose 2*q - m + 13 = 0. What is the remainder when 20 is divided by q?
2
Suppose 10227 = -72*v + 559*v. Calculate the remainder when 2132 is divided by v.
11
Suppose -2*z + 29 + 7 = 0. Let y = 14310 - 14095. What is the remainder when y is divided by z?
17
Let y = -3393 + 3853. What is the remainder when y is divided by 167?
126
Let k = 99 + 40. Let a = -78 + k. Calculate the remainder when 179 is divided by a.
57
Let c(q) = -7*q - 166. Let y(p) = 6*p + 210. Let o be y(-40). What is the remainder when c(o) is divided by 9?
8
Suppose -6670 = 257*u - 280*u. Calculate the remainder when u is divided by 94.
8
Suppose 5*b - 176 = -2*x, 2092*b - 2095*b = 6*x - 120. Suppose 3*s = 4 + 41. What is the remainder when b is divided by s?
4
Suppose -69 = -2*m - 2*m - 5*q, -4*m + 67 = 3*q. Let j be (27/36)/((-2)/m). What is the remainder when 32 is divided by (-43)/(-6) + ((-5)/j - 1)?
4
Let u = -469 - -704. What is the remainder when u is divided by (-8)/(-3)*(7 + (-69)/(-12))?
31
Suppose 62 = -10*f + 172. Let z be 6/(-2)*(-5)/((-10)/34). Let n = 72 + z. Calculate the remainder when n is divided by f.
10
Let l be ((-14)/21)/((-473)/471 + 1). Let n = -283 + l. Let f = -114 - n. What is the remainder when 31 is divided by f?
7
Let g = -36 - -2. Let y be (14/(-1))/((-4)/22). Let c = g + y. Calculate the remainder when 170 is divided by c.
41
Let o = 7760 + -6735. What is the remainder when o is divided by 171?
170
Let l = 360 - 360. Suppose l = -3*s - 6 + 42. Calculate the remainder when 66 is divided by s.
6
Let u be (32/6)/2 + 28/84. Suppose -178 = -u*r + q, 4*r - q - 4*q - 230 = 0. What is the remainder when r is divided by 7?
4
Let d = -39303 + 39335. Calculate the remainder when d is divided by (11*2)/(3 - 1).
10
Suppose -1 = -6*z - 49. Suppose -4*f - 101 + 5 = 0. Let g = z - f. What is the remainder when 46 is divided by g?
14
Let i = -53 + 64. Let b be (6/(-10) - (-11)/i)*5. Suppose -3*x + 60 = 5*q - b*q, 0 = 4*x - 2*q - 104. Calculate the remainder when 69 is divided by x.
21
Let m be (2 + (-34)/(-2))/1. Let y = m - 23. Calculate the remainder when 87 is divided by (60/8)/((-2)/y).
12
Suppose -2*u + 9 = 1. Suppose -92 = -2*r - 3*l, -u*l + 2*l = 3*r - 148. Calculate the remainder when r is divided by 9.
7
Let k(l) = -l**3 - 9*l**2 - 73*l - 820. What is the remainder when 1879 is divided by k(-10)?
9
Suppose -14 = -3*v - 8. Let d be 1/v + 1/(-2). Calculate the remainder when 164/(d - ((-5 - -3) + 0)) is divided by 21.
19
Let a = -1737 - -1842. Calculate the remainder when a is divided by 11.
6
Suppose 0 = -4*o - 12, 0 = -2*w + 3*o - 12 + 135. Let p = -113 + 1. Calculate the remainder when w is divided by p/(-6) + 4/3.
17
Let d(i) = -3*i - 58. Let x be d(-23). Calculate the remainder when 83 is divided by x + (-42)/7 + 0.
3
Calculate the remainder when ((-1)/(-3))/((-95)/(-149055)) is divided by 98.
33
Let u(l) = -5*l - 13. Calculate the remainder when (-7 - (-1680)/32)*8/14 is divided by u(-6).
9
Let u(v) be the first derivative of -6*v**2 + 331*v + 174. What is the remainder when u(20) is divided by 41?
9
What is the remainder when (55/28 + 2/7)/(18186/11590544) is divided by 238?
6
Let r = 372 + -132. Suppose r = 11*c + 5*c. Calculate the remainder when c is divided by 8.
7
Let f(t) = t**3 - 12*t**2 + 13*t. Suppose -2*i + 6*i = 44. Let z = 2396 + -2244. Calculate the remainder when z is divided by f(i).
20
Suppose -16*p = 27 - 859. Suppose 0 = -4*z - 0*z + r + p, 0 = -3*r + 12. What is the remainder when 460 is divided by z?
12
Suppose g - 346 = -g. Calculate the remainder when g is divided by 10.
3
Suppose n - 151 = -34*b + 31*b, -3*b + 4*n = -146. What is the remainder when (0 - -2)*374/4 is divided by b?
37
Suppose 95*v - 6223 = 26932. What is the remainder when v is divided by 117?
115
Let s = -3263 + 3296. Calculate the remainder when 324 is divided by s.
27
Let h = -5797 - -5846. Let b be (6/4)/((-6)/(-8)). What is the remainder when 0 - (-242 - (b - 0)) is divided by h?
48
Let i(d) = 2*d**2 + 1. Let x be i(1). Suppose 3*p + 5*y - 32 = 66, 3*p - x*y = 114. Let g = 7 + p. Calculate the remainder when g is divided by 11.
10
Suppose -35*o + 112 = -51*o. Calculate the remainder when 143 is divided by 14/35*35 - o.
17
Suppose 3*u = m + 11, -2*m + 0*u + u - 2 = 0. Let d(o) = 84*o - 42*o - m - 46*o. What is the remainder when 7 is divided by d(-1)?
1
Suppose i - 32*y = -30*y + 25, -2*i = 11*y + 40. What is the remainder when (10/6)/(1/48) is divided by i?
2
Suppose -18*t + 179 + 163 = 0. Suppose t*b = -258 + 1455. What is the remainder when 566 is divided by b?
62
Suppose -17*v + 146 - 78 = 0. Calculate the remainder when ((-72)/21 - -4)/(v/2114) is divided by 51.
47
Suppose 385 - 541 = 300*l - 5856. Let v(f) = 29*f - 5. What is the remainder when v(6) is divided by l?
17
Suppose 244 = n - 12*s, 7*n - 2*n - 848 = -2*s. What is the remainder when n is divided by 60?
52
Let y = 34 + 6. Let k be (1 + (2 - 3))*1*-1. Let v = k + y. Calculate the remainder when 199 is divided by v.
39
Suppose -1717 = 15*b - 1837. What is the remainder when 2587 is divided by b?
3
Suppose 0 = d + d - 202. Let i(t) = -21*t - 17. Let r be i(-1). Suppose -5*b + 2*b - 4*o = -90, -r*o = b - 38. Calculate the remainder when d is divided by b.
23
Suppose -54*v + 3132 + 3843 = 2385. Calculate the remainder when 670 is divided by v.
75
Let t(p) = 4*p + 114. Let d be t(9). Suppose -6*l = -462 + d. What is the remainder when 207 is divided by l?
51
Suppose 0 = -5*o + 4*d + 202, -o + 6*o + 2*d - 214 = 0. Let j be (-9)/(-21) + 39168/o. Suppose j + 484 = 13*x. Calculate the remainder when x is divided by 22.
21
Let h = -133 + 147. Let s = -1142 + 1181. Calculate the remainder when s is divided by h.
11
Let b(d) = -d**3 + 2*d**2 - 10*d - 12. Let x be b(5). Let u = 262 + x. What is the remainder when u is divided by 64?
61
Suppose 2*l = -3*l + 4350. Suppose 0 = 3*d - 6*d - 3*a - l, 2*d + a + 578 = 0. Let n = d + 430. What is the remainder when n is divided by 16?
14
Let s be 35/1*(-14)/(-10)*-1. Let n = 92 - s. Calculate the remainder when n is divided by 46.
3
Suppose 3*b - 46 = 23. Let d = 10 + 5. Let m(p) = -p**2 + 17*p - 15. Calculate the remainder when b is divided by m(d).
8
Let b(c) = -c**2 + 6*c + 73. Suppose -36 = -3*m + 3*n, -2*n = 4*m - 30 - 6. Calculate the remainder when 691 is divided by b(m).
31
Let p = 47 + -44. Suppose 5*v + 2*i = 64, 7*v - p*v = 2*i + 44. Suppose 10*t = v*t - 60. What is the remainder when 58 is divided by t?
28
Calculate the remainder when 590 is divided by (-1 - -36)*(-74 - -75).
30
Let i(o) = 79*o + 77. Let l = 599 - 596. What is the remainder when i(l) is divided by 23?
15
Suppose 0 = 3*y - 7*y + 1856. Let n = -393 + y. Calculate the remainder when 353 is divided by n.
69
Calculate the remainder when ((1424 - 1) + -1)/(1*(-8)/(-4)) is divided by 45.
36
Suppose -5*y = -9*y + 4. Let l(s) = -4*s**2 - s - 1. Let h be l(y). Let i = h - -32. Calculate the remainder when i is divided by 7.
5
Suppose 5*p = 3*w - 8, -3 = 4*p - 44*w + 45*w. Let i be 52/14 + (-4)/(-14). Calculate the remainder when (p + i - 4) + 57 is divided by 20.
16
Let p(l) = 22*l - 15*l + 39*l. Suppose 4*d - 95*a - 122 = -92*a, -5*d + 205 = 5*a. Calculate the remainder when p(3) is divided by d.
33
What is the remainder when 174 is divided by 1407/9 + (-136)/(-51)?
15
Let d be 3/33 + (-6)/66. Suppose d = -2*n - 5*i + 53, -125 = -51*n + 46*n - 5*i. Suppose -188 = -3*q - q. What is the remainder when q is divided by n?
23
Let x = -453 + 550. What is the remainder when 177 is divided by x?
80
Suppose 0*u - 12*u - 120 = 0. Let g be (-30)/72*u + 2/(-12). Suppose -35 + g = -2*z + r, -5*r - 29 = -z. What is the remainder when z is divided by 6?
2
Let v be 5 + (-7)/((-28)/(-32)). Let d(j) = 2*j**2 - 4*j - 4. Calculate the remainder when (-36)/v*-14*(-5)/20 is divided by d(4).
6
Let f be (-99)/(-15) - 6/10. Suppose -f*b = 39 - 3. What is the remainder when 6 is divided by 2/b*(-45)/5?
0
Suppose 2*c = i + 475 - 477, -i + 3*c = 5. Calculate the remainder when 3661 is divided by i.
13
Let b(q) = 66*q**2 + 155*q + 154. Suppose 2*x + 448 = 6*x. Calculate the remainder when x is divided by b(-1).
47
Suppose 20*u = 6*u + 70. Let q = 40 + -8. Suppose 0 = 3*m + 5*h - q, -2*m = -0*m - 4*h 